+ 2/(-3)*-3. Give g(a).
3
Let d(k) be the first derivative of k**2/2 - k + 11. Let i be d(-1). Let v(t) be the first derivative of t**3/3 + 3*t**2/2 + t - 1. Give v(i).
-1
Let u(s) = -14*s**2 + s + 1. Let a(f) be the second derivative of f**5/20 + 5*f**4/4 - 7*f**3/3 + 31*f**2/2 + 6*f + 1. Let t be a(-16). Calculate u(t).
-14
Let k(b) = 12 - 2*b - 4*b + b + 0*b - 11. Give k(-3).
16
Let b be (2/(-6))/(2/(-210)). Suppose -3*z + b = 2*z. Suppose z + 5 = 2*h - 4*g, 0 = -2*h - g + 7. Let r(u) = -2*u + 3. What is r(h)?
-5
Suppose -3*z + 5*k = 2*z - 50, 0 = -z - 4*k - 15. Suppose 0 = 4*c - 7 - 9. Let u(q) = -c*q + 5 - 2 - 4*q**2 + q**3 - 2. What is u(z)?
6
Let o(n) be the second derivative of n**3/2 + n**2 - 28*n - 2. Calculate o(1).
5
Let o(l) = 6*l - 22 + l**3 + 0*l**3 - l**2 + 0*l - 7*l. Determine o(0).
-22
Let q(w) be the first derivative of w**2 + 4*w + 981. Suppose 3*b - 8*x + 3*x = -7, 5*x - 3 = 2*b. Determine q(b).
-4
Let s(w) = -7*w**3 + 2*w - 1. Let u = -39 + 40. What is s(u)?
-6
Let n(r) = 7*r - 2. Let p(b) = -14*b + 5. Let m(h) = 5*n(h) + 2*p(h). Suppose 0 = -3*i + 5*z - 15 - 7, 16 = -4*i + 4*z. What is m(i)?
7
Suppose 4*c = 11*r - 6*r - 19, -c - 4 = -2*r. Let j(a) = -a**3 - 8*a**2 - 10*a + 8. Give j(c).
-4
Let n(w) = w**3 + 4*w**2 + w + 5. Let z = -43 + 50. Suppose 3 = c + z. Calculate n(c).
1
Let g(w) = 2*w**2 + 20*w + 11. Let o be 900/250*5/(-2). Give g(o).
-7
Suppose -20 = -5*a - 5*z, 11 = 4*a + 3*z - 7. Let g(c) = 2*c**2 - 9*c + 3. Calculate g(a).
21
Let g(q) = -2*q**2 - 4*q - 4. Let c(x) = 2*x**2 + 4*x + 4. Let f = 4 - 1. Let p(y) = f*g(y) + 4*c(y). Calculate p(-3).
10
Let u(y) = -95*y + 1. Let s(h) = 87*h - 1. Let r(m) = 6*s(m) + 5*u(m). Determine r(-1).
-48
Let h(f) = -f. Let b(k) = -k**3 - 8*k**2 - 2*k + 7. Let u(g) = b(g) + 2*h(g). Let m(d) = 491*d + 3430. Let r be m(-7). What is u(r)?
-14
Let t(j) = 27*j - 377. Let b be t(14). Let l(o) = 39*o**3 - o**2 + 1. What is l(b)?
39
Let p(b) be the first derivative of 0*b + 22 - 1/2*b**2 - 7/2*b**4 + 2/3*b**3. Calculate p(1).
-13
Let l(i) = -2*i**2 - 7 + i**2 + 3 - 10*i. Let t = -260 + 139. Let h = -130 - t. Determine l(h).
5
Let r be (-464)/96 + (4 + -4 - -5). Let u(o) be the second derivative of -11*o + 1/2*o**5 + 1/2*o**2 + 0 - r*o**3 + 1/12*o**4. Determine u(1).
11
Let s be (15*-1)/3 + 3. Let y be -2 + (1 + -2)*s. Let x(g) = 2 + 2*g - 2*g - g. Give x(y).
2
Let o(t) = -5*t + 1. Let q = 37 + -43. Determine o(q).
31
Let f(c) = -c**3 - 2*c**2 + 3. Let p be (24/72)/(2/30). Suppose -p*b + 34 = -3*a, 0 = 3*b - 2 - 13. What is f(a)?
12
Let c be 27/(-18)*(-6)/(-9). Let g(t) = 3*t**2 - 4*t - 3. Let f be g(c). Let z(l) = -l**2 + 2*l + 3. Calculate z(f).
-5
Let v be 3*(-3)/(27/(-6)). Let m(j) = -3 + 5*j**2 - 12*j - j**3 - v + 12*j. Let g be ((13 - 6) + -8)/(2/(-8)). Determine m(g).
11
Let w(r) be the third derivative of 0*r - 1/6*r**3 + 1/24*r**4 + 0 + r**2. Give w(-5).
-6
Let i be 21/7 - (18 + 0). Let u be (-2 + -1)/(i/10). Suppose -3*p = -u - 7. Let z(v) = 2*v**2 - 4*v + 1. Give z(p).
7
Let r = 321 + -327. Let x(d) = d**3 + 5*d**2 - 8*d - 6. Determine x(r).
6
Let m(j) = j**2 - 5*j - 7. Suppose 0*i + 12 = 4*i. Let x = 7 - -2. Let p = x - i. Determine m(p).
-1
Suppose -317*y = -315*y - 12. Let c(j) = -j**2 + 8*j + 2. Determine c(y).
14
Let m(y) = y**2 - 8*y + 7. Suppose 2*v + 0*v + 10 = t, 3*t + 15 = -3*v. Let s be (-3*10/(-3))/1. Let o = s + v. Determine m(o).
-8
Let z(i) be the first derivative of -i**4/4 + i**2/2 - 2*i + 5. Let p(h) = -h**3 - h**2 + h - 2. Let m(t) = 4*p(t) - 3*z(t). Give m(-4).
-6
Suppose -4*z + 3*y = -89, 5*z - 4*y - 123 + 13 = 0. Let n(u) = 16*u - z*u + 2 - 2. Let v(c) = 11*c. Let p(l) = 7*n(l) + 6*v(l). What is p(3)?
-12
Suppose -2*h = -5*y + 3, 2*y = 2*h - 0*h. Let g(b) be the third derivative of -7*b**5/60 + b**4/24 + 9*b**2 + 12. Determine g(h).
-6
Let a(v) be the second derivative of -v**4/12 - v**3/2 - 7*v. Let s be (-40)/(-3) - (-1)/(-3). Let b = 10 - s. Determine a(b).
0
Let k(v) = -v**3 - 8*v**2 - 8*v - 5. Let r be 3 - 0*4/(-8). Suppose 4*h - 3*h + 5*n + 4 = 0, 0 = -h - r*n. Suppose -2*y = -h*y - 28. Calculate k(y).
2
Let i(z) = -z**3 + z + 16. Let c be -4 - 1/(6/(-24)). What is i(c)?
16
Let h(v) be the third derivative of v**5/10 - v**4/24 + 15*v**2 - 2. What is h(-1)?
7
Let u(h) = -53*h - 259. Let n be u(-5). Let k(o) = o**3 - 7*o**2 + 3*o + 5. Calculate k(n).
-13
Let z(a) = 2*a - 14. Let r(g) = 14*g**2 - 11*g + 9. Let q be r(1). Calculate z(q).
10
Let q be (-3 + 45/12)*-8. Let g(k) = 3*k - k - 1 + 7. Determine g(q).
-6
Let r(x) = 180 - 89 + x - 93. Let n(q) = -q**2 - 7*q - 6. Let j be n(-4). Calculate r(j).
4
Suppose 0 = -21*y - 78 + 162. Let v(c) = c**3 - 4*c**2 + 2*c + 1. Calculate v(y).
9
Let i(r) = -2*r**2 - 2*r - 4. Let n(x) = -x**3 - 1. Let d(w) = i(w) - n(w). Suppose j - 5*c + 6 = 24, -2*j - 3 = 3*c. Determine d(j).
0
Let d(z) = z**3 - 7*z**2 - 10*z + 11. Let a(s) = s**2 - 3*s - 80. Let l be a(11). Calculate d(l).
-5
Let w = 206/19 - 4925/456. Let g(h) be the third derivative of 0*h + 1/6*h**3 + 0 + 6*h**2 + w*h**4. What is g(0)?
1
Let z be -108 - (-4 + 0 + (3 - -5)). Let x = z - -117. Let y(f) = -f**2 + 3*f + 7. Calculate y(x).
-3
Let p = -2702 - -2708. Let f(l) = l**2 - 10*l + 11. Give f(p).
-13
Let c(f) = 3*f + 13. Let y(q) = q. Let n(z) = c(z) - 4*y(z). Let s = -2311 - -2320. Give n(s).
4
Let l be ((-54)/(-30) + -1)/(2/25). Suppose l*b = 13*b. Let n(c) = -c**3 - c**2 - c - 8. Give n(b).
-8
Let m be (-90)/(-15)*2/(-4). Let q(g) = g**2 - 5*g - 3. Determine q(m).
21
Let v(b) be the third derivative of b**4/8 - b**3/6 + b**2. Suppose 36 + 19 = 5*t. Let d(z) = -z + 13. Let g be d(t). Give v(g).
5
Let r be (1/2)/(4/(-24)*-3). Let j(d) = 8*d**2 + r + d - d**2 - 5*d**2. Determine j(-1).
2
Suppose 0 = 3*q - 6, 5*h = 4*h - 4*q + 11. Let k(s) = -s**3 + 2*s**2 + 3*s. Give k(h).
0
Let w(q) = -2*q + 1. Let l = -67 - -60. Let u(m) = 3*m - 2. Let y(s) = l*w(s) - 5*u(s). Give y(6).
-3
Let p(m) = m**3 + m**2 + m. Let y be p(1). Let u(a) = -9 - 7*a + a**3 + 3*a**3 - 8*a**2 - 5*a**y. Give u(-7).
-9
Let o(j) = 6*j**3 + j**2. Suppose -34 = -5*l - 2*x + 145, -3*l + 2*x = -101. Let s be 10/(-14) + (-10)/l. Determine o(s).
-5
Let j(p) = -p**3 + p**2 + 3*p + 3. Let c be j(3). Let t(s) = -s**3 + 15949*s**2 + 8*s - 3*s - 15954*s**2 - 4. What is t(c)?
2
Let b(i) = i**2 + 10*i + 8. Suppose -7*w - 37 = 12. What is b(w)?
-13
Let a(u) = 4*u - 11*u + 1 - 37 + 17 + 12. Give a(3).
-28
Let t(g) = 11*g + 57. Let q be t(-5). Suppose v = q*w, 6*w - 2*w - 4*v = 0. Let o(f) be the third derivative of f**4/24 + 5*f**3/6 + f**2. What is o(w)?
5
Let u(x) = 11*x**2 - x - 10. Let i(m) = 5*m**2 - m - 5. Let h(g) = -7*i(g) + 3*u(g). What is h(-1)?
-1
Let h(n) be the third derivative of n**6/120 - 7*n**5/60 - n**4/24 + 2*n**3/3 - 36*n**2 + 5. What is h(7)?
-3
Suppose 5*z - 2*z - 27 = 3*y, y - 3 = 0. Suppose -f - z = -c + 2*f, 3 = -f. Let w be (0/(-4) - 4) + c. Let h(t) = -6*t. Give h(w).
6
Let a = 27 + -23. Suppose a*k = -2*k - 36. Let j(p) = -p**3 - 6*p**2 - 2. Determine j(k).
-2
Suppose 5*j + 2*k - 1 + 51 = 0, 4*j - 4*k + 12 = 0. Let h be 68/j - (-2)/4. Let i(r) = r + 1. Determine i(h).
-7
Let b(i) = -i - 6. Let a be 8/(-20) + (-3)/5. Let p(m) = 1. Let x(c) = a*b(c) - 6*p(c). Let n = -1 + 1. Determine x(n).
0
Let x(h) be the second derivative of -h**5/20 + 5*h**4/12 - 5*h**3/6 - 3*h**2/2 + 4*h + 8. What is x(4)?
-7
Let i(b) be the third derivative of b**5/60 - 5*b**4/8 + 2*b**3 + 53*b**2 + 1. Give i(14).
-2
Let q be 2 - (-1 - (-3 + 2)). Suppose -7*a - 24 = -z - q*a, 3*z = 3*a + 24. Let p(w) = -3*w + z + 2*w - 1 - 4. Calculate p(-2).
1
Let z be 5/(-7) + 6/(-21). Let w = 2 + z. Let q(r) = -w - 5*r - r**2 + 0*r + 0*r. Give q(-5).
-1
Let r(u) = u + 12. Suppose 0 = 5*h + 2*t - 21, 8*h - 4*t = 3*h + 3. Suppose -3*g - 12 = -3, 3*g - h = -b. Suppose b*o = 14*o + 12. Calculate r(o).
6
Let d be (-9)/(-2)*4/9. Let z(y) = -2*y + 4*y**d - 3*y**2 - 7*y + 15*y + 7. Determine z(-5).
2
Let a(f) be the second derivative of f**5/20 - f**3/6 - 3*f**2/2 - f. Let o be (4 + -4)/(2*2). Calculate a(o).
-3
Suppose 0 = 29*o - 35*o + 24. Suppose -o*k - 31 = -3. Let t(c) = -c**3 - 8*c**2 - 8*c - 4. What is t(k)?
3
Let k(y) = 236*y**3 + 17*y**2 + 1 + 16*y - 235*y**3 + 0*y**2. Give k(-16).
1
Let p = -4 + 7. Let v(z) = -p*